{"id":31,"date":"2014-12-10T14:58:17","date_gmt":"2014-12-10T13:58:17","guid":{"rendered":"http:\/\/www.fon.bg.ac.rs\/eng\/?page_id=31"},"modified":"2021-11-29T11:46:59","modified_gmt":"2021-11-29T10:46:59","slug":"laboratories-and-centers","status":"publish","type":"page","link":"https:\/\/oldfon.fon.bg.ac.rs\/eng\/about-fos\/laboratories-and-centers\/","title":{"rendered":"Laboratories and Centers"},"content":{"rendered":"<h3>Laboratories<\/h3>\n<div id=\"squelch-taas-accordion-0\" class=\"squelch-taas-accordion squelch-taas-override\" data-active=\"\" data-disabled=\"false\" data-autoheight=\"false\" data-collapsible=\"true\"><h3 id=\"squelch-taas-header-0\"><a href=\"#squelch-taas-accordion-shortcode-content-0\">Laboratory for Information Systems - dr Branislav Lazarevi\u0107<\/a><\/h3><div id=\"squelch-taas-accordion-shortcode-content-0\" class=\"squelch-taas-accordion-shortcode-content squelch-taas-accordion-shortcode-content-0\">\n<div class=\"kat\">Faculty of Organizational Sciences, office 017<br \/>\nJove Ili\u0107a 154, 11000 Belgrade<br \/>\nManager: <a href=\"#\">Associate Professor Sla\u0111an Babarogi\u0107<\/a><br \/>\nPhone: +381 11 3950 804<br \/>\n<a href=\"http:\/\/www.labis.fon.bg.ac.rs\">http:\/\/www.labis.fon.bg.ac.rs<\/a><\/div>\n<\/div>\n<h3 id=\"squelch-taas-header-1\"><a href=\"#squelch-taas-accordion-shortcode-content-1\">Laboratory for Operations Research - Dr Jovan Petri\u0107<\/a><\/h3><div id=\"squelch-taas-accordion-shortcode-content-1\" class=\"squelch-taas-accordion-shortcode-content squelch-taas-accordion-shortcode-content-1\">\n<div class=\"kat\">Faculty of Organizational Sciences, office 309<br \/>\nJove Ili\u0107a 154, 11000 Belgrade<br \/>\nManager: <a href=\"#\">Professor Mirjana \u010cangalovi\u0107<\/a><br \/>\nPhone: +381 11 3950 863<br \/>\n<a href=\"http:\/\/www.laboi.fon.bg.ac.rs\">http:\/\/www.laboi.fon.bg.ac.rs<\/a><\/div>\n<\/div>\n<h3 id=\"squelch-taas-header-2\"><a href=\"#squelch-taas-accordion-shortcode-content-2\">Laboratory for Simulation<\/a><\/h3><div id=\"squelch-taas-accordion-shortcode-content-2\" class=\"squelch-taas-accordion-shortcode-content squelch-taas-accordion-shortcode-content-2\">\n<div class=\"kat\">Faculty of Organizational Sciences, office 304<br \/>\nJove Ili\u0107a 154, 11000 Belgrade<br \/>\nManager: <a href=\"#\">Professor Marijana Despotovi\u0107-Zraki\u0107<\/a><br \/>\nPhone: +381 11 3950 895<br \/>\n<a href=\"https:\/\/en.elab.fon.bg.ac.rs\/simulation-lab\/\">https:\/\/en.elab.fon.bg.ac.rs\/simulation-lab\/<\/a><\/div>\n<\/div>\n<h3 id=\"squelch-taas-header-3\"><a href=\"#squelch-taas-accordion-shortcode-content-3\">Laboratory for Statistics<\/a><\/h3><div id=\"squelch-taas-accordion-shortcode-content-3\" class=\"squelch-taas-accordion-shortcode-content squelch-taas-accordion-shortcode-content-3\">\n<div class=\"kat\">Faculty of Organizational Sciences, office 009<br \/>\nJove Ili\u0107a 154, 11000 Belgrade<br \/>\nManager: <a href=\"#\">Professor Zoran Radoji\u010di\u0107<\/a><br \/>\nPhone: +381 11 3950 869<br \/>\n<a href=\"http:\/\/statlab.fon.bg.ac.rs\">http:\/\/statlab.fon.bg.ac.rs<\/a><\/div>\n<\/div>\n<h3 id=\"squelch-taas-header-4\"><a href=\"#squelch-taas-accordion-shortcode-content-4\">Laboratory for Systems<\/a><\/h3><div id=\"squelch-taas-accordion-shortcode-content-4\" class=\"squelch-taas-accordion-shortcode-content squelch-taas-accordion-shortcode-content-4\">\n<div class=\"kat\">Faculty of Organizational Sciences, office 211<br \/>\nJove Ili\u0107a 154, 11000 Belgrade<br \/>\nManager: <a href=\"#\">Professor Bratislav Petrovi\u0107<\/a><br \/>\nPhone: +381 11 3950 852<br \/>\n<a href=\"http:\/\/www.labsys.fon.bg.ac.rs\">http:\/\/www.labsys.fon.bg.ac.rs<\/a><\/div>\n<\/div>\n<h3 id=\"squelch-taas-header-5\"><a href=\"#squelch-taas-accordion-shortcode-content-5\">Laboratory for Mathematics<\/a><\/h3><div id=\"squelch-taas-accordion-shortcode-content-5\" class=\"squelch-taas-accordion-shortcode-content squelch-taas-accordion-shortcode-content-5\">\n<div class=\"kat\">Faculty of Organizational Sciences, office 316<br \/>\nJove Ili\u0107a 154, 11000 Belgrade<br \/>\nManager: <a href=\"#\">Professor Milica Stojanovi\u0107<\/a><br \/>\n<a href=\"http:\/\/mata.fon.bg.ac.rs\">http:\/\/mata.fon.bg.ac.rs<\/a><\/div>\n<\/div>\n<h3 id=\"squelch-taas-header-6\"><a href=\"#squelch-taas-accordion-shortcode-content-6\">Laboratory for Multimedia Communications<\/a><\/h3><div id=\"squelch-taas-accordion-shortcode-content-6\" class=\"squelch-taas-accordion-shortcode-content squelch-taas-accordion-shortcode-content-6\">\n<div class=\"kat\">Faculty of Organizational Sciences, office 011<br \/>\nJove Ili\u0107a 154, 11000 Belgrade<br \/>\nManager: <a href=\"#\">Professor Du\u0161an Star\u010devi\u0107<\/a><br \/>\nPhone: +381 11 3950 894<br \/>\n<a href=\"http:\/\/mmklab.fon.bg.ac.rs\">http:\/\/mmklab.fon.bg.ac.rs<\/a><\/div>\n<\/div>\n<h3 id=\"squelch-taas-header-7\"><a href=\"#squelch-taas-accordion-shortcode-content-7\">Laboratory for E-business<\/a><\/h3><div id=\"squelch-taas-accordion-shortcode-content-7\" class=\"squelch-taas-accordion-shortcode-content squelch-taas-accordion-shortcode-content-7\">\n<div class=\"kat\">Faculty of Organizational Sciences, office 303<br \/>\nJove Ili\u0107a 154, 11000 Belgrade<br \/>\nManager: <a href=\"#\">Professor Bo\u017eidar Radenkovi\u0107<\/a><br \/>\nPhone: +381 11 3950 895<br \/>\n<a href=\"https:\/\/en.elab.fon.bg.ac.rs\/e-business-lab\/\">https:\/\/en.elab.fon.bg.ac.rs\/e-business-lab\/<\/a><\/div>\n<\/div>\n<h3 id=\"squelch-taas-header-8\"><a href=\"#squelch-taas-accordion-shortcode-content-8\">Laboratory for Work Study<\/a><\/h3><div id=\"squelch-taas-accordion-shortcode-content-8\" class=\"squelch-taas-accordion-shortcode-content squelch-taas-accordion-shortcode-content-8\">\n<div class=\"kat\">Faculty of Organizational Sciences, office 311c<br \/>\nJove Ili\u0107a 154, 11000 Belgrade<br \/>\nManager: <a href=\"#\">Barbara Simeunovi\u0107<\/a><br \/>\nPhone: +381 11 3950 932<\/div>\n<\/div>\n<h3 id=\"squelch-taas-header-9\"><a href=\"#squelch-taas-accordion-shortcode-content-9\">Laboratory for Computer-integrated Production<\/a><\/h3><div id=\"squelch-taas-accordion-shortcode-content-9\" class=\"squelch-taas-accordion-shortcode-content squelch-taas-accordion-shortcode-content-9\">\n<div class=\"kat\">Faculty of Organizational Sciences, office 205<br \/>\nJove Ili\u0107a 154, 11000 Belgrade<br \/>\nManager: <a href=\"#\">Professor Oliver Ili\u0107<\/a><br \/>\nPhone: +381 11 3950 819<\/div>\n<\/div>\n<h3 id=\"squelch-taas-header-10\"><a href=\"#squelch-taas-accordion-shortcode-content-10\">Laboratory for Quality Control<\/a><\/h3><div id=\"squelch-taas-accordion-shortcode-content-10\" class=\"squelch-taas-accordion-shortcode-content squelch-taas-accordion-shortcode-content-10\">\n<div class=\"kat\">Faculty of Organizational Sciences, office 004<br \/>\nJove Ili\u0107a 154, 11000 Belgrade<br \/>\nManager: <a href=\"#\">Professor Jovan Filipovi\u0107<\/a><br \/>\nPhone: +381 11 3950 807<\/div>\n<\/div>\n<h3 id=\"squelch-taas-header-11\"><a href=\"#squelch-taas-accordion-shortcode-content-11\">Laboratory for Software Engineering<\/a><\/h3><div id=\"squelch-taas-accordion-shortcode-content-11\" class=\"squelch-taas-accordion-shortcode-content squelch-taas-accordion-shortcode-content-11\">\n<div class=\"kat\">Faculty of Organizational Sciences, office B005<br \/>\nJove Ili\u0107a 154, 11000 Belgrade<br \/>\nManager: <a href=\"#\">Associate Professor Sa\u0161a Lazarevi\u0107<\/a><br \/>\nPhone: +381 11 3950 878<\/div>\n<\/div>\n<h3 id=\"squelch-taas-header-12\"><a href=\"#squelch-taas-accordion-shortcode-content-12\">Laboratory for Artificial Intelligence<\/a><\/h3><div id=\"squelch-taas-accordion-shortcode-content-12\" class=\"squelch-taas-accordion-shortcode-content squelch-taas-accordion-shortcode-content-12\">\n<div class=\"kat\">Faculty of Organizational Sciences, office 305<br \/>\nJove Ili\u0107a 154, 11000 Belgrade<br \/>\nManager: <a href=\"#\">Professor Vladan Deved\u017ei\u0107<\/a><br \/>\nPhone: +381 11 3950 853<br \/>\n<a href=\"http:\/\/ai.fon.bg.ac.rs\">http:\/\/ai.fon.bg.ac.rs<\/a><\/div>\n<\/div>\n<h3 id=\"squelch-taas-header-13\"><a href=\"#squelch-taas-accordion-shortcode-content-13\">Metrology Laboratory<\/a><\/h3><div id=\"squelch-taas-accordion-shortcode-content-13\" class=\"squelch-taas-accordion-shortcode-content squelch-taas-accordion-shortcode-content-13\">\n<div class=\"kat\">Faculty of Organizational Sciences, office 002<br \/>\nJove Ili\u0107a 154, 11000 Belgrade<br \/>\nManager: <a href=\"#\">Associate Professor Nedeljko \u017divkovi\u0107<\/a><br \/>\nPhone: +381 11 3950 807<\/div>\n<\/div><\/div>\n\n<h3>Centres<\/h3>\n<div id=\"squelch-taas-accordion-1\" class=\"squelch-taas-accordion squelch-taas-override\" data-active=\"\" data-disabled=\"false\" data-autoheight=\"false\" data-collapsible=\"true\"><h3 id=\"squelch-taas-header-14\"><a href=\"#squelch-taas-accordion-shortcode-content-14\">Center for Internet of things<\/a><\/h3><div id=\"squelch-taas-accordion-shortcode-content-14\" class=\"squelch-taas-accordion-shortcode-content squelch-taas-accordion-shortcode-content-14\">\n<div class=\"kat\">Manager: <a href=\"#\">Professor Zorica Bogdanovi\u0107<\/a><br \/>\n<a href=\"https:\/\/en.elab.fon.bg.ac.rs\/center-internet-things\/\">https:\/\/en.elab.fon.bg.ac.rs\/center-internet-things\/<\/a>\n<\/div>\n<\/div>\n<h3 id=\"squelch-taas-header-15\"><a href=\"#squelch-taas-accordion-shortcode-content-15\">Centre for Economic and Business Research<\/a><\/h3><div id=\"squelch-taas-accordion-shortcode-content-15\" class=\"squelch-taas-accordion-shortcode-content squelch-taas-accordion-shortcode-content-15\">\n<div class=\"kat\">Faculty of Organizational Sciences, office 007<br \/>\nJove Ili\u0107a 154, 11000 Belgrade<br \/>\nManager: <a href=\"#\">Professor Dragana Kragulj<\/a><br \/>\nPhone: +381 11 3950 818<\/div>\n<\/div>\n<h3 id=\"squelch-taas-header-16\"><a href=\"#squelch-taas-accordion-shortcode-content-16\">Centre for Process Engineering<\/a><\/h3><div id=\"squelch-taas-accordion-shortcode-content-16\" class=\"squelch-taas-accordion-shortcode-content squelch-taas-accordion-shortcode-content-16\">\n<div class=\"kat\">Faculty of Organizational Sciences, office 218<br \/>\nJove Ili\u0107a 154, 11000 Belgrade<br \/>\nManager:<br \/>\nPhone: +381 11 3950 826<\/div>\n<\/div>\n<h3 id=\"squelch-taas-header-17\"><a href=\"#squelch-taas-accordion-shortcode-content-17\">Lean Centre <\/a><\/h3><div id=\"squelch-taas-accordion-shortcode-content-17\" class=\"squelch-taas-accordion-shortcode-content squelch-taas-accordion-shortcode-content-17\">\n<div class=\"kat\">Faculty of Organizational Sciences, office 311c<br \/>\nJove Ili\u0107a 154, 11000 Belgrade<br \/>\nManager: <a href=\"#\">Professor Dragoslav Slovi\u0107<\/a><br \/>\nPhone: +381 11 3950 932<\/div>\n<\/div>\n<h3 id=\"squelch-taas-header-18\"><a href=\"#squelch-taas-accordion-shortcode-content-18\">Centre for Information Systems Development<\/a><\/h3><div id=\"squelch-taas-accordion-shortcode-content-18\" class=\"squelch-taas-accordion-shortcode-content squelch-taas-accordion-shortcode-content-18\">\n<div class=\"kat\">Faculty of Organizational Sciences, office 501<br \/>\nJove Ili\u0107a 154, 11000 Belgrade<br \/>\nManager: <a href=\"#\">Professor Zoran Marjanovi\u0107<\/a><br \/>\nPhone: +381 11 3950 851<\/div>\n<\/div>\n<h3 id=\"squelch-taas-header-19\"><a href=\"#squelch-taas-accordion-shortcode-content-19\">Innovations Centre for ICT Development and Application<\/a><\/h3><div id=\"squelch-taas-accordion-shortcode-content-19\" class=\"squelch-taas-accordion-shortcode-content squelch-taas-accordion-shortcode-content-19\">\n<div class=\"kat\">Faculty of Organizational Sciences, office 217<br \/>\nJove Ili\u0107a 154, 11000 Belgrade<br \/>\nManager: <a href=\"#\">Professor Dejan Simi\u0107<\/a><br \/>\nPhone: +381 11 3950 889<\/div>\n<\/div>\n<h3 id=\"squelch-taas-header-20\"><a href=\"#squelch-taas-accordion-shortcode-content-20\">Centre for Marketing<\/a><\/h3><div id=\"squelch-taas-accordion-shortcode-content-20\" class=\"squelch-taas-accordion-shortcode-content squelch-taas-accordion-shortcode-content-20\">\n<div class=\"kat\">Faculty of Organizational Sciences, office A004<br \/>\nJove Ili\u0107a 154, 11000 Belgrade<br \/>\nManager: <a href=\"#\">Professor Vinka Filipovi\u0107<\/a><br \/>\nPhone: +381 11 3950 891<\/div>\n<\/div>\n<h3 id=\"squelch-taas-header-21\"><a href=\"#squelch-taas-accordion-shortcode-content-21\">Centre for Public Relations<\/a><\/h3><div id=\"squelch-taas-accordion-shortcode-content-21\" class=\"squelch-taas-accordion-shortcode-content squelch-taas-accordion-shortcode-content-21\">\n<div class=\"kat\">Faculty of Organizational Sciences, office 308<br \/>\nJove Ili\u0107a 154, 11000 Belgrade<br \/>\nManager: <a href=\"#\">Professor Milica Kosti\u0107 Stankovi\u0107<\/a><br \/>\nPhone: +381 11 3950 849<\/div>\n<\/div>\n<h3 id=\"squelch-taas-header-22\"><a href=\"#squelch-taas-accordion-shortcode-content-22\">Centre for Market Research<\/a><\/h3><div id=\"squelch-taas-accordion-shortcode-content-22\" class=\"squelch-taas-accordion-shortcode-content squelch-taas-accordion-shortcode-content-22\">\n<div class=\"kat\">Faculty of Organizational Sciences, \u043effice 202\u0430<br \/>\nJove Ili\u0107a 154, 11000 Belgrade<br \/>\nManager: <a href=\"#\">Professor\u00a0Marija Jovi\u0107<\/a><\/div>\n<\/div>\n<h3 id=\"squelch-taas-header-23\"><a href=\"#squelch-taas-accordion-shortcode-content-23\">Centre for Investment Management<\/a><\/h3><div id=\"squelch-taas-accordion-shortcode-content-23\" class=\"squelch-taas-accordion-shortcode-content squelch-taas-accordion-shortcode-content-23\">\n<div class=\"kat\">Faculty of Organizational Sciences, office 214<br \/>\nJove Ili\u0107a 154, 11000 Belgrade<br \/>\nManager: <a href=\"#\">Associate Professor Vladimir Obradovi\u0107<\/a><br \/>\nPhone: +381 11 3950 862<\/div>\n<\/div>\n<h3 id=\"squelch-taas-header-24\"><a href=\"#squelch-taas-accordion-shortcode-content-24\">Centre for Project Management<\/a><\/h3><div id=\"squelch-taas-accordion-shortcode-content-24\" class=\"squelch-taas-accordion-shortcode-content squelch-taas-accordion-shortcode-content-24\">\n<div class=\"kat\">Faculty of Organizational Sciences, office 214<br \/>\nJove Ili\u0107a 154, 11000 Belgrade<br \/>\nManager: <a href=\"#\">Professor Dejan Petrovi\u0107<\/a><br \/>\nPhone: +381 11 3950 862<\/div>\n<\/div>\n<h3 id=\"squelch-taas-header-25\"><a href=\"#squelch-taas-accordion-shortcode-content-25\">Centre for Human Resources Management<\/a><\/h3><div id=\"squelch-taas-accordion-shortcode-content-25\" class=\"squelch-taas-accordion-shortcode-content squelch-taas-accordion-shortcode-content-25\">\n<div class=\"kat\">Faculty of Organizational Sciences, office 306<br \/>\nJove Ili\u0107a 154, 11000 Belgrade<br \/>\nManager: <a href=\"#\">Professor Dobrivoje Mixailovi\u0107<\/a><br \/>\nPhone: +381 11 3950 850<\/div>\n<\/div>\n<h3 id=\"squelch-taas-header-26\"><a href=\"#squelch-taas-accordion-shortcode-content-26\">Centre for Technology Management<\/a><\/h3><div id=\"squelch-taas-accordion-shortcode-content-26\" class=\"squelch-taas-accordion-shortcode-content squelch-taas-accordion-shortcode-content-26\">\n<div class=\"kat\">Faculty of Organizational Sciences, office 208<br \/>\nJove Ili\u0107a 154, 11000 Belgrade<br \/>\nManager: <a href=\"#\">Professor Maja Levi Jak\u0161i\u0107<\/a><br \/>\nPhone: +381 11 3950 884<\/div>\n<\/div>\n<h3 id=\"squelch-taas-header-27\"><a href=\"#squelch-taas-accordion-shortcode-content-27\">Centre for Environmental Management and Sustainable Development<\/a><\/h3><div id=\"squelch-taas-accordion-shortcode-content-27\" class=\"squelch-taas-accordion-shortcode-content squelch-taas-accordion-shortcode-content-27\">\n<div class=\"kat\">Faculty of Organizational Sciences, office 208<br \/>\nJove Ili\u0107a 154, 11000 Belgrade<br \/>\nManager: <a href=\"#\">Professor Nata\u0161a Petrovi\u0107<\/a><br \/>\nPhone: +381 11 3950 931<\/div>\n<\/div>\n<h3 id=\"squelch-taas-header-28\"><a href=\"#squelch-taas-accordion-shortcode-content-28\">Centre for Efficiency Analysis<\/a><\/h3><div id=\"squelch-taas-accordion-shortcode-content-28\" class=\"squelch-taas-accordion-shortcode-content squelch-taas-accordion-shortcode-content-28\">\n<div class=\"kat\">Faculty of Organizational Sciences, office 309<br \/>\nJove Ili\u0107a 154, 11000 Belgrade<br \/>\nManager: <a href=\"#\">Associate Professor Gordana Savi\u0107<\/a><br \/>\nPhone: +381 11 3950 863<\/div>\n<\/div>\n<h3 id=\"squelch-taas-header-29\"><a href=\"#squelch-taas-accordion-shortcode-content-29\">Centre for Business Systems Organization<\/a><\/h3><div id=\"squelch-taas-accordion-shortcode-content-29\" class=\"squelch-taas-accordion-shortcode-content squelch-taas-accordion-shortcode-content-29\">\n<div class=\"kat\">Faculty of Organizational Sciences, office 313<br \/>\nJove Ili\u0107a 154, 11000 Belgrade<br \/>\nManager: <a href=\"#\">Associate Professor Mladen \u010cudanov<\/a><br \/>\nPhone: +381 11 3950 814<\/div>\n<\/div>\n<h3 id=\"squelch-taas-header-30\"><a href=\"#squelch-taas-accordion-shortcode-content-30\">Centre for Public Administration<\/a><\/h3><div id=\"squelch-taas-accordion-shortcode-content-30\" class=\"squelch-taas-accordion-shortcode-content squelch-taas-accordion-shortcode-content-30\">\n<div class=\"kat\">Faculty of Organizational Sciences, office 314<br \/>\nJove Ili\u0107a 154, 11000 Belgrade<br \/>\nManager: <a href=\"#\">Professor Ondrej Ja\u0161ko<\/a><br \/>\nPhone: +381 11 3950 814<\/div>\n<\/div>\n<h3 id=\"squelch-taas-header-31\"><a href=\"#squelch-taas-accordion-shortcode-content-31\">Centre for Business Decision-making<\/a><\/h3><div id=\"squelch-taas-accordion-shortcode-content-31\" class=\"squelch-taas-accordion-shortcode-content squelch-taas-accordion-shortcode-content-31\">\n<div class=\"kat\">Faculty of Organizational Sciences, office 312<br \/>\nJove Ili\u0107a 154, 11000 Belgrade<br \/>\nManager: <a href=\"#\">Professor Milija Suknovi\u0107<\/a><br \/>\nPhone: +381 11 3950 861<\/div>\n<\/div>\n<h3 id=\"squelch-taas-header-32\"><a href=\"#squelch-taas-accordion-shortcode-content-32\">Centre for Cyber Forensics<\/a><\/h3><div id=\"squelch-taas-accordion-shortcode-content-32\" class=\"squelch-taas-accordion-shortcode-content squelch-taas-accordion-shortcode-content-32\">\n<div class=\"kat\">Faculty of Organizational Sciences, office 310<br \/>\nJove Ili\u0107a 154, 11000 Belgrade<br \/>\nManager: <a href=\"#\">Professor Mirjana Drakuli\u0107<\/a><br \/>\nPhone: +381 11 3950 854<\/div>\n<\/div>\n<h3 id=\"squelch-taas-header-33\"><a href=\"#squelch-taas-accordion-shortcode-content-33\">Centre for Open-code Software Development<\/a><\/h3><div id=\"squelch-taas-accordion-shortcode-content-33\" class=\"squelch-taas-accordion-shortcode-content squelch-taas-accordion-shortcode-content-33\">\n<div class=\"kat\">Faculty of Organizational Sciences, office 305<br \/>\nJove Ili\u0107a 154, 11000 Belgrade<br \/>\nManager: <a href=\"#\">Associate Professor Zoran \u0160evarac<\/a><br \/>\nPhone: +381 11 3950 853<br \/>\n<a href=\"http:\/\/opensource.fon.bg.ac.rs\">opensource.fon.bg.ac.rs<\/a><\/div>\n<\/div>\n<h3 id=\"squelch-taas-header-34\"><a href=\"#squelch-taas-accordion-shortcode-content-34\">Centre for Operations Management<\/a><\/h3><div id=\"squelch-taas-accordion-shortcode-content-34\" class=\"squelch-taas-accordion-shortcode-content squelch-taas-accordion-shortcode-content-34\">\n<div class=\"kat\">Faculty of Organizational Sciences, office 308<br \/>\nJove Ili\u0107a 154, 11000 Belgrade<br \/>\nManager: <a href=\"#\">Professor Danica Le\u010di\u0107 Cvetkovi\u0107<\/a><br \/>\nPhone: +381 11 3950 849<\/div>\n<\/div>\n<h3 id=\"squelch-taas-header-35\"><a href=\"#squelch-taas-accordion-shortcode-content-35\">Centre for SMEs and Entrepreneurship<\/a><\/h3><div id=\"squelch-taas-accordion-shortcode-content-35\" class=\"squelch-taas-accordion-shortcode-content squelch-taas-accordion-shortcode-content-35\">\n<div class=\"kat\">Faculty of Organizational Sciences, office 208<br \/>\nJove Ili\u0107a 154, 11000 Belgrade<br \/>\nManager: <a href=\"#\">Professor Jasmina Omerbegovi\u0107 Bijelovi\u0107<\/a><br \/>\nPhone: +381 11 3950 830<\/div>\n<\/div>\n<h3 id=\"squelch-taas-header-36\"><a href=\"#squelch-taas-accordion-shortcode-content-36\">Centre for Financial Market Development<\/a><\/h3><div id=\"squelch-taas-accordion-shortcode-content-36\" class=\"squelch-taas-accordion-shortcode-content squelch-taas-accordion-shortcode-content-36\">\n<div class=\"kat\">Faculty of Organizational Sciences, office 206<br \/>\nJove Ili\u0107a 154, 11000 Belgrade<br \/>\nManager: <a href=\"#\">Professor Vesna Bogojevi\u0107 Arsi\u0107<\/a><br \/>\nPhone: +381 11 3950 819<\/div>\n<\/div>\n<h3 id=\"squelch-taas-header-37\"><a href=\"#squelch-taas-accordion-shortcode-content-37\">Centre for Quality<\/a><\/h3><div id=\"squelch-taas-accordion-shortcode-content-37\" class=\"squelch-taas-accordion-shortcode-content squelch-taas-accordion-shortcode-content-37\">\n<div class=\"kat\">Faculty of Organizational Sciences, office 206<br \/>\nJove Ili\u0107a 154, 11000 Belgrade<br \/>\nManager: <a href=\"#\">Associate Professor Ivana Mijatovi\u0107<\/a><br \/>\nPhone: +381 11 3950 871<\/div>\n<\/div><\/div>\n\n","protected":false},"excerpt":{"rendered":"<p>Laboratories Centres<\/p>\n","protected":false},"author":1,"featured_media":0,"parent":17,"menu_order":0,"comment_status":"closed","ping_status":"closed","template":"page-osnovni.php","meta":{"footnotes":""},"_links":{"self":[{"href":"https:\/\/oldfon.fon.bg.ac.rs\/eng\/wp-json\/wp\/v2\/pages\/31"}],"collection":[{"href":"https:\/\/oldfon.fon.bg.ac.rs\/eng\/wp-json\/wp\/v2\/pages"}],"about":[{"href":"https:\/\/oldfon.fon.bg.ac.rs\/eng\/wp-json\/wp\/v2\/types\/page"}],"author":[{"embeddable":true,"href":"https:\/\/oldfon.fon.bg.ac.rs\/eng\/wp-json\/wp\/v2\/users\/1"}],"replies":[{"embeddable":true,"href":"https:\/\/oldfon.fon.bg.ac.rs\/eng\/wp-json\/wp\/v2\/comments?post=31"}],"version-history":[{"count":9,"href":"https:\/\/oldfon.fon.bg.ac.rs\/eng\/wp-json\/wp\/v2\/pages\/31\/revisions"}],"predecessor-version":[{"id":958,"href":"https:\/\/oldfon.fon.bg.ac.rs\/eng\/wp-json\/wp\/v2\/pages\/31\/revisions\/958"}],"up":[{"embeddable":true,"href":"https:\/\/oldfon.fon.bg.ac.rs\/eng\/wp-json\/wp\/v2\/pages\/17"}],"wp:attachment":[{"href":"https:\/\/oldfon.fon.bg.ac.rs\/eng\/wp-json\/wp\/v2\/media?parent=31"}],"curies":[{"name":"wp","href":"https:\/\/api.w.org\/{rel}","templated":true}]}}