{"id":33,"date":"2014-12-10T14:59:32","date_gmt":"2014-12-10T13:59:32","guid":{"rendered":"http:\/\/www.fon.bg.ac.rs\/eng\/?page_id=33"},"modified":"2021-11-19T11:34:31","modified_gmt":"2021-11-19T10:34:31","slug":"administrative-staff","status":"publish","type":"page","link":"https:\/\/oldfon.fon.bg.ac.rs\/eng\/about-fos\/administrative-staff\/","title":{"rendered":"Administrative Staff"},"content":{"rendered":"<div id=\"squelch-taas-accordion-0\" class=\"squelch-taas-accordion squelch-taas-override\" data-active=\"\" data-disabled=\"false\" data-autoheight=\"false\" data-collapsible=\"true\"><h3 id=\"squelch-taas-header-0\"><a href=\"#squelch-taas-accordion-shortcode-content-0\"> Undergraduate students<\/a><\/h3><div id=\"squelch-taas-accordion-shortcode-content-0\" class=\"squelch-taas-accordion-shortcode-content squelch-taas-accordion-shortcode-content-0\">\n<div class=\"kat\">Manager: Jovana Carevi\u0107 Damjanovi\u0107<br \/>\nWorking hours: 11.00 do 13.00 \u010dasova<br \/>\nOffice: 110Email: <a href=\"mailto:studentska@fon.bg.ac.rs\">studentska@fon.bg.ac.rs<\/a><br \/>\nTelephone: +381 11 3950811, +381 11 3950809<br \/>\nInternships: <a href=\"http:\/\/praksa.fon.bg.ac.rs\">http:\/\/praksa.fon.bg.ac.rs<\/a><\/p>\n<\/div>\n<\/div>\n<h3 id=\"squelch-taas-header-1\"><a href=\"#squelch-taas-accordion-shortcode-content-1\"> Graduate (Master, specialization and PhD) students<\/a><\/h3><div id=\"squelch-taas-accordion-shortcode-content-1\" class=\"squelch-taas-accordion-shortcode-content squelch-taas-accordion-shortcode-content-1\">\n<div class=\"kat\">Manager: Marina Jovanovi\u0107<br \/>\nWorking hours: 09:00 \u2013 10:00, 16:00 \u2013 19:00<br \/>\nOffice: B003Email: <a href=\"mailto:master@fon.bg.ac.rs\">master@fon.bg.ac.rs<\/a><br \/>\nTelephone: +381 11 3950892, +381 11 3950873<\/p>\n<\/div>\n<\/div>\n<h3 id=\"squelch-taas-header-2\"><a href=\"#squelch-taas-accordion-shortcode-content-2\">Teaching support<\/a><\/h3><div id=\"squelch-taas-accordion-shortcode-content-2\" class=\"squelch-taas-accordion-shortcode-content squelch-taas-accordion-shortcode-content-2\">\n<div class=\"kat\">Manager:<br \/>\nWorking hours: 08:00 \u2013 16:00<br \/>\nOffice: 107<br \/>\nEmail: <a href=\"mailto:sluzbanastave@fon.bg.ac.rs\">sluzbanastave@fon.bg.ac.rs<\/a><br \/>\nTelephone: +381 11 3950 839<\/p>\n<p>Computer center<br \/>\nWorking hours: 08:00 \u2013 20:00<br \/>\nOffice: 019a<br \/>\nEmail: <a title=\"racunski.centar@fon.bg.ac.rs\" href=\"mailto:racunski.centar@fon.bg.ac.rs\">racunski.centar<\/a><a href=\"mailto:rc@fon.bg.ac.rs\">@fon.bg.ac.rs<\/a><br \/>\nTelephone: +381 11 3950 883<\/p>\n<p>Distance learning<br \/>\nWorking hours: 08:00 \u2013 16:00<br \/>\nOffice: 107<br \/>\nEmail: <a href=\"mailto:studijenadaljinu@fon.bg.ac.rs\">studijenadaljinu@fon.bg.ac.rs<\/a><br \/>\nTelephone: +381 11 3950 838<\/p>\n<p>Library<br \/>\nWorking hours: 08:00 \u2013 20:00<br \/>\nOffice: B101<br \/>\nEmail: <a href=\"mailto:biblioteka@fon.bg.ac.rs\">biblioteka@fon.bg.ac.rs<\/a><br \/>\nTelephone: +381 11 3950 815<\/p>\n<p>Bookshop<br \/>\nWorking hours:<br \/>\n08:00 \u2013 15:00 (Monday, Wednesday, Friday)<br \/>\n10:30 \u2013 18:00 (Tuesday, Thursday)<\/p>\n<p>Office: 110<br \/>\nTelephone: +381 11 3950 802<\/p>\n<\/div>\n<\/div>\n<h3 id=\"squelch-taas-header-3\"><a href=\"#squelch-taas-accordion-shortcode-content-3\"> General and legal affairs<\/a><\/h3><div id=\"squelch-taas-accordion-shortcode-content-3\" class=\"squelch-taas-accordion-shortcode-content squelch-taas-accordion-shortcode-content-3\">\n<div class=\"kat\">Manager:\u00a0Darjan Radovanovi\u0107<br \/>\nWorking hours: 08:00 \u2013 16:00<br \/>\nOffice: A102Email: <a href=\"mailto:pravna@fon.bg.ac.rs\">pravna@fon.bg.ac.rs<\/a><br \/>\nTelephone: +381 11 3950 867<\/p>\n<\/div>\n<\/div>\n<h3 id=\"squelch-taas-header-4\"><a href=\"#squelch-taas-accordion-shortcode-content-4\">Technical support<\/a><\/h3><div id=\"squelch-taas-accordion-shortcode-content-4\" class=\"squelch-taas-accordion-shortcode-content squelch-taas-accordion-shortcode-content-4\">\n<div class=\"kat\">Manager: Predrag Gojkovi\u0107<br \/>\nWorking hours: 06:00 \u2013 21:00<br \/>\nOffice: C000Email: <a href=\"mailto:tehnicka@fon.bg.ac.rs\">tehnicka@fon.bg.ac.rs<\/a><br \/>\nTelephone: +381 11 3950 890<\/p>\n<\/div>\n<\/div>\n<h3 id=\"squelch-taas-header-5\"><a href=\"#squelch-taas-accordion-shortcode-content-5\"> Services<\/a><\/h3><div id=\"squelch-taas-accordion-shortcode-content-5\" class=\"squelch-taas-accordion-shortcode-content squelch-taas-accordion-shortcode-content-5\">\n<div class=\"kat\">Manager:\u00a0Andrej Novovi\u0107<br \/>\nWorking hours: 08:00 \u2013 20:00<br \/>\nOffice: 023Email: <a href=\"mailto:usluge@fon.bg.ac.rs\">usluge@fon.bg.ac.rs<\/a><br \/>\nTelephone: +381 11 3950 912<\/p>\n<\/div>\n<\/div>\n<h3 id=\"squelch-taas-header-6\"><a href=\"#squelch-taas-accordion-shortcode-content-6\"> Finance<\/a><\/h3><div id=\"squelch-taas-accordion-shortcode-content-6\" class=\"squelch-taas-accordion-shortcode-content squelch-taas-accordion-shortcode-content-6\">\n<div class=\"kat\">Manager: Gordana \u0106iri\u0107<br \/>\nWorking hours: 08:00 \u2013 16:00<br \/>\nOffice:\u00a0A105bEmail: <a href=\"mailto:racunovodstvo@fon.bg.ac.rs\">racunovodstvo@fon.bg.ac.rs<\/a><br \/>\nTelephone: +381 11 3950 913<\/p>\n<\/div>\n<\/div>\n<h3 id=\"squelch-taas-header-7\"><a href=\"#squelch-taas-accordion-shortcode-content-7\"> Accounting<\/a><\/h3><div id=\"squelch-taas-accordion-shortcode-content-7\" class=\"squelch-taas-accordion-shortcode-content squelch-taas-accordion-shortcode-content-7\">\n<div class=\"kat\">Manager:\u00a0Nata\u0161a \u0160aki\u0107<br \/>\nWorking hours: 08:00 \u2013 16:00<br \/>\nOffice: A105bEmail: <a href=\"mailto:racunovodstvo@fon.bg.ac.rs\">racunovodstvo@fon.bg.ac.rs<\/a><br \/>\nTelephone: +381 11 3950 845<\/p>\n<\/div>\n<\/div>\n<h3 id=\"squelch-taas-header-8\"><a href=\"#squelch-taas-accordion-shortcode-content-8\">Procurement and internal control <\/a><\/h3><div id=\"squelch-taas-accordion-shortcode-content-8\" class=\"squelch-taas-accordion-shortcode-content squelch-taas-accordion-shortcode-content-8\">\n<div class=\"kat\">Manager: Snje\u017eana Jerkovi\u0107<br \/>\nWorking hours: 8:00 \u2013 16:00<br \/>\nOffice: 403BEmail: <a href=\"mailto:nabavke@fon.bg.ac.rs\">nabavke@fon.bg.ac.rs<\/a><br \/>\nTelephone: +381 11 3950 847<\/p>\n<\/div>\n<\/div><\/div>\n\n","protected":false},"excerpt":{"rendered":"","protected":false},"author":1,"featured_media":0,"parent":17,"menu_order":0,"comment_status":"closed","ping_status":"closed","template":"page-osnovni.php","meta":{"footnotes":""},"_links":{"self":[{"href":"https:\/\/oldfon.fon.bg.ac.rs\/eng\/wp-json\/wp\/v2\/pages\/33"}],"collection":[{"href":"https:\/\/oldfon.fon.bg.ac.rs\/eng\/wp-json\/wp\/v2\/pages"}],"about":[{"href":"https:\/\/oldfon.fon.bg.ac.rs\/eng\/wp-json\/wp\/v2\/types\/page"}],"author":[{"embeddable":true,"href":"https:\/\/oldfon.fon.bg.ac.rs\/eng\/wp-json\/wp\/v2\/users\/1"}],"replies":[{"embeddable":true,"href":"https:\/\/oldfon.fon.bg.ac.rs\/eng\/wp-json\/wp\/v2\/comments?post=33"}],"version-history":[{"count":16,"href":"https:\/\/oldfon.fon.bg.ac.rs\/eng\/wp-json\/wp\/v2\/pages\/33\/revisions"}],"predecessor-version":[{"id":955,"href":"https:\/\/oldfon.fon.bg.ac.rs\/eng\/wp-json\/wp\/v2\/pages\/33\/revisions\/955"}],"up":[{"embeddable":true,"href":"https:\/\/oldfon.fon.bg.ac.rs\/eng\/wp-json\/wp\/v2\/pages\/17"}],"wp:attachment":[{"href":"https:\/\/oldfon.fon.bg.ac.rs\/eng\/wp-json\/wp\/v2\/media?parent=33"}],"curies":[{"name":"wp","href":"https:\/\/api.w.org\/{rel}","templated":true}]}}